- 13*x(i). Let f(h) = h + 3. Let v be f(-8). Determine y(v).
1
Let p = 10 + -9. Let i = 1 - p. Let j(g) = i*g - 3*g + 7 + 0*g. Determine j(5).
-8
Let f(y) = -y**2 - y + 1. Let j(m) = -4*m**2 - 5*m + 7. Let n(p) = -5*f(p) + j(p). Calculate n(0).
2
Let o(t) be the first derivative of -t**5/20 - t**4/12 + t**3/6 - t + 3. Let u(m) be the first derivative of o(m). Let n be (2 + 0)*2/(-4). Give u(n).
-1
Suppose 5*d - 15 = -0*d. Suppose 2*v - 10 = -d*v. Let c(l) = 6*l**2 + 0*l**2 - 2 - v*l + 3. Calculate c(1).
5
Let w(d) be the first derivative of d**3/3 + d**2/2 + 3*d + 7. Suppose 2*x + 1 + 5 = 0. Give w(x).
9
Let i(d) be the first derivative of -20*d**2 - 6*d - 2. Let f(v) = 13*v + 2. Let j(n) = -16*f(n) - 5*i(n). What is j(-2)?
14
Let t = 153 - 69. Let v(g) = 6*g**2 - 85*g**3 + t*g**3 + 2 - 6*g + 1. Let s(m) = -2*m - 1. Let o be s(-3). Calculate v(o).
-2
Let h(k) = k**2 - 13*k + 24. Let r be h(11). Let p(l) = -l**3 + 5*l**r + 6*l**2 - 2*l**2 - 2 - 2*l**2 - 6*l. Determine p(6).
-2
Let p be 26/39 + 4/(-6). Let z(x) be the third derivative of x**6/120 + x**5/60 - x**4/24 + 5*x**3/6 + 2*x**2. Determine z(p).
5
Let u(r) = -4*r**2 + 2*r**2 + 4 - 26*r - r**3 - 2*r**2 + 32*r. Calculate u(-5).
-1
Let v be ((-24)/(-15))/(2/(-10)). Let h = -2 - v. Let z(u) = -4 + 2*u**2 - 5*u + 2*u**2 - 5*u**2 + 2*u**2. Calculate z(h).
2
Let k be ((-6)/(-9))/(2/15). Let y(w) be the second derivative of -3*w + 0 + 1/12*w**4 - w**2 - 2/3*w**3. Give y(k).
3
Let o(z) = -4*z**3 - z**2 - 2*z - 1. Suppose 2*d + 2*c = 6*c + 6, -4*d - c = 6. Calculate o(d).
4
Suppose -4*w - 4 = x - 3*w, -w = -2*x + 7. Let r(q) = 15*q - 1. Calculate r(x).
14
Let b(r) = 4 - 1 - 5 - 2*r. What is b(3)?
-8
Let q(u) be the third derivative of u**5/60 - u**3/2 - 3*u**2. Suppose -4*o + 3 = i - 0*i, -4*o = 3*i - 9. Let c = -3 + i. Determine q(c).
-3
Let c(z) = -z**2 - z. Let s(o) = -7*o**2 - 4*o - 1. Let v = -2 - -2. Suppose v = 5*h + 15, 8 + 11 = -5*b + 2*h. Let w(i) = b*c(i) + s(i). Give w(1).
-2
Let o(p) be the second derivative of p**4/12 + 5*p**3/6 + p**2 + 4*p. What is o(-3)?
-4
Let r = -5 + 7. Let v be 2/(-6)*(8 - r). Let f(p) = p - 1. Let s be f(v). Let t(z) = z**2 - z - 3. Calculate t(s).
9
Let o(b) = -b**2 - 7*b - 6. Let f be 10*(1 - 3/2). Give o(f).
4
Let v be (-4)/(6 - (4 - 0)). Let l(h) = 2*h**2 + 3*h + 1. Let j(y) = -2*y**2 - 3*y - 1. Let x(u) = -3*j(u) - 4*l(u). Determine x(v).
-3
Let x be (-3)/6*2 + 6. Let u(h) be the first derivative of -h**6/120 + h**5/15 + h**4/6 + h**2 - 1. Let j(i) be the second derivative of u(i). Determine j(x).
-5
Let t(m) be the first derivative of -11/4*m**4 + 1/2*m**2 + 0*m + 2/3*m**3 - 3. Give t(-1).
12
Let r(b) = -b**2 + 2. Let o be (-68)/(-20) - 4/10. Suppose o*n + 17 = -m + 6*n, m - 13 = -3*n. Give r(m).
-2
Let b(h) = -h**3 + 4*h**2 + 5*h + 6. Suppose 4*c = -4*f - 7 + 35, -3*f = -6. Determine b(c).
6
Let p(j) = -j**3 + 4*j**2 - 2*j + 2. Let l = 49 - 13. Suppose r = 5*r + l. Let w be 12/r*(-6)/4. What is p(w)?
6
Let f(b) be the second derivative of b**4/2 + 7*b. Suppose -6 = 4*z + 2*q, -q = -2*q - 1. Give f(z).
6
Let j = 6 - 3. Suppose -5*w = -t + 5, 2*w + j*t + 9 = 5*w. Let k be (-1 - w) + 12/(-2). Let m(r) = r**3 + 6*r**2 + 6*r. What is m(k)?
-5
Suppose -4*a - 4*n + 9 = 57, 0 = 2*a - n + 9. Let c(d) be the third derivative of d**5/60 + d**4/3 + d**3/6 - 2*d**2. Calculate c(a).
-6
Let c = 2 + -1. Let x(y) = -2 + y + c + 5. Determine x(6).
10
Let k(l) be the third derivative of l**4/6 + 2*l**3/3 + 8*l**2. Determine k(-3).
-8
Let q(r) = -r**3 - 4*r**2 + 2*r + 3. Suppose -3*s - 2*s - 20 = 0. Let k be q(s). Let a(v) = v**3 + 4*v**2 - 3*v + 4. Give a(k).
-6
Let s(j) = j + 1. Let c be 12/(-5) - 16/(-40). Give s(c).
-1
Let n(x) = x**2 + 3*x - 3. Let p(l) = l**3 - 4*l**2 + 5*l - 4. Let r be p(3). Calculate n(r).
7
Let j(r) = -r + 10. Let h be 0/(1*(-4 + 3)). Suppose -m - m = h. Determine j(m).
10
Suppose -5*x + 14 = -u, -5*x + 4 = -3*u - 8. Suppose 2 = n - 3*k + 4*k, -5*n + x*k + 10 = 0. Let i(h) = -h**n - 5*h - 5 + 4 + 0*h**2. Determine i(-5).
-1
Let d(h) = 3 + 3*h**2 + 3*h**2 - 3*h**2 - 2*h + h**3. What is d(-3)?
9
Let y(w) be the second derivative of w**5/120 + w**4/4 + w**3/6 - 2*w. Let i(l) be the second derivative of y(l). Calculate i(0).
6
Let h(w) = -3 + 2*w**3 + 5 - w**3. Let z be -4 + -1 - (-5 + 2). Calculate h(z).
-6
Let t(z) = -z**2 + 4*z + 8. Let b = -4 - -11. What is t(b)?
-13
Suppose 4*z - z - 9 = 0. Let k(c) = 2*c - 3. Let v be k(z). Let u(j) = v*j - 7*j - 4*j. Give u(-1).
8
Let m(v) = -v + 6. Suppose -o + d - 18 = 0, -2*o - 8 - 19 = d. Let z = -7 - o. What is m(z)?
-2
Suppose m + 1 - 17 = -4*g, -4*g + 32 = 5*m. Let t(d) = -d + 2*d**2 + 5*d**2 - g - 6*d**2. Let o = -6 + 9. Calculate t(o).
3
Let w(u) = u + 1. Suppose n - 3*c = -2*c - 2, -23 = -n - 4*c. Suppose -n*o = 15 - 6. Calculate w(o).
-2
Let y(h) = h**2 + 7*h - 8. Suppose 2*i + 4*j = -2, 24 + 16 = -4*i + 4*j. Calculate y(i).
-8
Let t(a) = -a + 4. Let n(m) = -m**3 + 11*m**2 + 12*m - 3. Let q be n(12). Determine t(q).
7
Let f be (-60)/(-8)*4/6. Let y(c) be the third derivative of -c**4/24 - c**3/3 + c**2. Determine y(f).
-7
Let t = 12 - 10. Let l = t + -6. Let r(m) = -5 + 6 - 3*m**2 + 2*m**2 - 5*m. Determine r(l).
5
Let l(x) = -2*x**2 - 6*x - x - 5 + x**2. Let m be l(-6). Let h(k) = k. Give h(m).
1
Let t be (-25)/(-10) + 2/(-4). Let c(u) = -u**2 + u - t*u - 2*u**2 + 4*u**2 - 1. Determine c(0).
-1
Let t(m) be the third derivative of m**4/12 - m**3 + m**2. Let r(c) = -4*c + 121. Let p be r(29). Calculate t(p).
4
Let p be (24/16)/((-2)/(-4)). Let f(u) = -2*u + 7*u + 1 + 3 - 3*u. Calculate f(p).
10
Let u(w) = -20 - w**2 - 3*w + 20 + 10*w. Give u(8).
-8
Suppose 0 = -2*f - 2*f + 3*k + 14, 3*f = -2*k + 2. Suppose -4*i = -7 - 1. Let a(g) = -2*g + f*g - i + 4*g. What is a(2)?
6
Let q(d) = d**3 - 11*d**2 + 13*d - 25. Let w be q(10). Let r(y) = 0 + 7*y + 0 - y**2. What is r(w)?
10
Let p(n) = 8*n**3 + 5*n**2 - 2*n. Let r(k) = 8*k**3 + 4*k**2 - k. Let x(m) = 2*p(m) - 3*r(m). Suppose -5*v = -11*v - 6. Calculate x(v).
7
Let g(u) = -4*u + 1. Suppose 0 = f - 3, 4 = 5*v + 2*f + 13. Let n be (-1)/(v/9) + -4. What is g(n)?
5
Let z(l) be the first derivative of -l**4/4 - 7*l**3/3 - 5*l**2/2 - 8*l + 3. Let f(k) = -2*k**3 - 15*k**2 - 11*k - 17. Let u(c) = -6*f(c) + 13*z(c). Give u(-2).
0
Let q(c) = -5*c**2 + c - 2. Let n(v) = 7*v**2 - v + 2. Let k(b) = -3*n(b) - 4*q(b). Determine k(2).
-4
Let l be (-2)/6 + (-16)/6. Let i(g) = 3*g**2 + 7*g - 6. Let j(h) = 2*h**2 + 3*h - 3. Let w(a) = l*i(a) + 5*j(a). What is w(5)?
-2
Let c(g) = 5*g**3 + 10*g**2 - 2*g - 5. Let i(w) = -14*w**3 - 29*w**2 + 6*w + 16. Let a be (-8)/(-2) + 4 + -4. Let d(f) = a*i(f) + 11*c(f). Determine d(-6).
-3
Let i(u) = -u**2 + 9*u. Let m be i(9). Suppose 3*g = 2*t + 6, 2*t - 4 = -5*g - 10. Let p(r) = -5 + 1 + g - r. Determine p(m).
-4
Suppose 2*f = -26*f - 140. Let k(m) = -2 + m**3 - 6*m + 3 - 5 + 4*m**2. Give k(f).
1
Let j(r) be the second derivative of -r**5/20 + r**4/4 + r**3/3 + r**2 + 2*r. Calculate j(4).
-6
Let s(j) be the second derivative of -j**3/6 + j**2/2 - 3*j. Let q be s(6). Let r(u) = u**2 + 4*u - 6. What is r(q)?
-1
Let c(o) be the second derivative of o**5/20 - o**4/6 - o**3/2 - o**2/2 - 8*o + 1. What is c(-2)?
-11
Let s = 25 - 24. Let o(j) be the third derivative of j**4/24 - j**3/6 - j**2. Determine o(s).
0
Let q(h) = -3*h + 5. Let y be q(-5). Suppose 2*i - y = 7*i. Let j(k) = -4*k - 7. Let n(z) = -3*z - 6. Let x(f) = i*j(f) + 5*n(f). Calculate x(0).
-2
Suppose -23 - 37 = 4*g. Let w be (24/g)/(2/(-5)). Let d(c) = -c**2 - 2 + 1 + w*c - 1. Calculate d(3).
1
Let y(m) be the second derivative of -m + 0*m**2 - 1/3*m**3 + 0. Determine y(2).
-4
Let r(k) = -k**3 - 7*k**2 - 7*k - 2. Suppose b - 5*a + 2 = -4, 3*a + 6 = -b. What is r(b)?
4
Let x(k) = -k**3 + 2*k**2 + 2*k + 3. Let i(q) = -q - 9. Let l be i(-12). Give x(l).
0
Let o = -8 - -13. Let k(v) = -3*v**3 - 10*v**2 + 5*v - 6. Let m(p) = 2*p**3 + 5*p**2 - 3*p + 3. Let n(d) = -3*k(d) - 5*m(d). Give n(o).
3
Let q be (-22)/((-6)/9*3). Let s = q + -7. Let t(g) = s - g - 7 + 0*g. What is t(-3)?
0
Let n(z) = -z**3 + z**2 + 3*z - 2. Let u(i) = -6 + 5*i**2 + 3 - 5 - 7*i**3 + 3*i**3 + 12*i. Let x(g) = -9*n(g) + 2*u(g). Give x(-3).
-7
Let x = -2 - 0. Let i(n) = 0*n - 3 + n + 5*n. Let v(p) = -5*p + 2. Let